7. What is y(p)?
-1
Let w = -407 + 405. Let r be ((-1 - -2)*w)/(2/1). Let o(s) = 29*s**2 + 1. Give o(r).
30
Let r(x) be the second derivative of 0 - 17*x - 3/4*x**4 + x**2 - 5/2*x**3. Let u(v) = -4*v**2 - 7*v + 1. Let t(c) = -2*r(c) + 5*u(c). Determine t(-4).
-11
Let l(b) = b**3 - 23*b**2 - 27*b + 50. Let z be ((-122)/14 - -11)*(-21)/(-2). Give l(z).
-22
Let b(h) = h**2 - h + 21. Let u(x) = x**2 + 6*x - 56. Let w be u(-13). Let n = w - 35. What is b(n)?
21
Let b(o) be the third derivative of -o**6/120 - 4*o**5/15 + 2*o**4/3 - 14*o**3/3 + 2*o**2 + 855. Determine b(-17).
-11
Let n(a) = 7*a + 3. Let r = -8820 - -8818. Determine n(r).
-11
Suppose -5*t + 741 = -3*w, -11*t + 4*w = -13*t + 286. Let b be 6/(-60) + t/(-30). Let k(i) = -3*i - 8. What is k(b)?
7
Let r(p) = 11*p**3 + 11*p**2 - 9*p - 5. Let n(z) = 2*z**3 + 4*z**2 - z. Let k(g) = 5*n(g) - r(g). Give k(9).
41
Let b(j) = -2*j**3 - 67*j**2 - 36*j - 104. Let y be b(-33). Let g(h) = -7*h - 31. Determine g(y).
4
Let y(m) = -m**2 - 6*m + 4. Let o = 33 + -14. Let k = 25 - o. Suppose -4*s - 19 = j, j + 1 - k = 0. Determine y(s).
4
Let t be 48/40*10/6. Let d(c) = 2*c**2 + 6*c - c**3 + 8*c**2 - 4*c**t + 4 - 9*c + c. Calculate d(6).
-8
Let a be (2/(-4) + (-7)/(-56))/(1710/(-3800)). Let n(m) be the second derivative of 0 + a*m**3 - 1/12*m**4 + 37*m - 1/2*m**2. Calculate n(3).
5
Let o(k) be the first derivative of k**4/4 + k**3 - k**2 - k - 2. Let q(w) = -9*w**2 + 62*w + 4. Let h be q(7). Calculate o(h).
5
Let p(k) be the third derivative of k**5/30 + k**4/4 - 2*k**3/3 + k**2 + 1700. Calculate p(-8).
76
Suppose 8*a = -13*a + 5*a + 16. Let w(t) = -3 - 4 + 7*t + 6. What is w(a)?
6
Suppose 4*s + p = 2*p + 43, 4*s = 2*p + 38. Let f(y) = -11 + s - y - 1. Give f(5).
-5
Let t = 24 - 41. Let h(b) = -b**3 - 17*b**2 + 4. Give h(t).
4
Suppose 2*z + 1 = 5. Suppose -2*q = -4*q + 2. Let c(v) = -3*v**3 + 3*v**2 + 9*v + 3. Let m(n) = n**3 + n**2 - n - 1. Let f(x) = q*c(x) + z*m(x). Determine f(6).
7
Let x(g) = -6*g**2 - 135*g - 79. Let c be x(-22). Let p(q) = q**2 - 23*q - 463. What is p(c)?
5
Let m(b) be the third derivative of 1/8*b**4 - 7/3*b**3 + b**2 + 0*b + 15. Calculate m(6).
4
Let t(u) = -4*u - 4. Suppose 10*l - 40 = 10. Suppose 0 = 6*c - 9*c - 6, 4*c + 28 = -l*n. Give t(n).
12
Let x(v) be the first derivative of -3*v**4/4 + v**3/3 + v**2 + 3*v + 3. Suppose -713*j + 60 = -743*j. What is x(j)?
27
Let c(t) be the third derivative of t**5/60 + 5*t**4/12 - 37*t**3/6 + 1156*t**2. Calculate c(-12).
-13
Let s(k) = -3*k - 101. Suppose 92*m = -5*a + 90*m - 155, 5*a + 3*m + 150 = 0. What is s(a)?
-2
Suppose -28*r + 23*r + 20 = 0. Let w(m) = 10*m**3 + 5*m**2 + 9*m - 4. Let n(v) = -31*v**3 - 14*v**2 - 25*v + 11. Let l(a) = r*n(a) + 11*w(a). Calculate l(-1).
14
Let z(i) = 4*i - 15. Let w(t) = 52*t - 176. Let q(o) = 2*w(o) - 24*z(o). Determine q(-2).
-8
Let s(x) = -3*x**2 + 23*x - 37. Let c be s(2). Let j(i) = -i**2 - 8*i - 18. Give j(c).
-3
Let q = 1819 - 1813. Let i(j) = -j**3 + 8*j - 9*j + 7*j**2 - 3 + 3. Give i(q).
30
Let y(w) = -w - 9. Suppose 0 = -3*c - 2*c + 15, s = -4*c - 38. Let x = 47 + s. Let a be y(x). Let l(t) = -t**3 - 7*t**2 - 5*t + 2. Give l(a).
-4
Let f be ((-1)/9)/(((-185)/45 - -3)*3). Let u(z) be the third derivative of f*z**5 + 1/6*z**3 + 1/12*z**4 + 37*z**2 + 0 + 0*z. Calculate u(-4).
25
Let f(n) be the third derivative of n**6/15 + n**5/30 + n**4/12 - 1066*n**2. Determine f(-2).
-60
Let p = -302 - -304. Let i(g) = -9*g**3 - 13*g**3 - 3 + 8*g**p + 17*g**3 - 6 - 7*g + 6*g**3. Determine i(-8).
47
Suppose 3*k - 147 = -2*a - 1025, -a + 4*k = 428. Let w = -434 - a. Let d(y) = -4*y + 8. What is d(w)?
0
Let y be (4293/477)/((-6)/(-28)). Let m(r) = 2*r - 76. What is m(y)?
8
Suppose 9*z = -36 - 45. Let k = -16 - z. Let v(q) = -5*q - 2. Determine v(k).
33
Let t(q) = q**2 + 18*q - 38. Let v be t(-20). Suppose 30 = 5*u - 4*m, -v*u - 3 = -u + m. Let z(y) = 12 - 6 - 5*y**u + 4*y**2 + 7*y. Determine z(9).
-12
Let f be (-22)/6 - 8/(-12). Let s(d) = 2*d**2 + 4*d + 2. Let p(v) = -v**2 - 13*v + 5*v - 3*v**2 - 3. Let n(g) = f*p(g) - 5*s(g). What is n(-3)?
5
Suppose 0 = -20*a - 546 + 526. Let l(c) = 33*c**2 - 11. Let d(r) = 17*r**2 - 6. Let y be (-66)/(-4)*(-36)/(-54). Let x(t) = y*d(t) - 6*l(t). Determine x(a).
-11
Suppose -10*t + 7*t = 210. Let n be (-8)/(-14) + 40/t. Let b(h) be the second derivative of h**5/20 + h**4/12 + h**3/6 + 7*h**2/2 + 46*h + 2. What is b(n)?
7
Let g(j) be the second derivative of 13*j**4/12 + 2*j**3/3 - 2*j**2 + 1366*j. Determine g(1).
13
Let o(v) = 217*v - v**2 + 218*v + 221*v - 886*v + 221*v + 7. Determine o(3).
-29
Let l(z) = 3 + 4 + z**2 + 0 - z + z**3. Suppose 727 = 3*m + o + 234, -2*m = 5*o - 320. Let c = m + -165. Calculate l(c).
7
Let g = 788 + -785. Let s(u) = 441*u**g - 14*u**2 + 444*u**3 - 12 - 1323*u**3 - u + 437*u**3. Calculate s(-14).
2
Let g(i) = 126 - 248 + 123. Let f(r) = 0 - 2*r - 4 + 6 - 4. Let s(u) = -f(u) + 2*g(u). Give s(-6).
-8
Let s be (15 + -7)*2/4. Let g(y) = 7*y**2 - 10*y - 7. Let h(w) = -9*w**2 + 12*w + 8. Let f(r) = s*g(r) + 3*h(r). Determine f(6).
8
Suppose -52*p + 42*p = -20. Let a(i) = 0*i - 1 - p*i - 3*i + 3*i. Determine a(-3).
5
Let h(w) be the second derivative of -w**5/60 + w**4/8 - 2*w**3/3 + 79*w**2/2 + 2*w + 10. Let z(t) be the first derivative of h(t). Determine z(3).
-4
Let z be (3 + 0/2)/((-18)/(-24)). Let k(o) = -o**2 - o**2 + 4*o + z - 8 - 12*o. What is k(-5)?
-14
Let i = 11 - 19. Let v(o) be the first derivative of o**6/120 + 2*o**5/15 - o**3/3 - 21*o**2 + 29. Let c(q) be the second derivative of v(q). Determine c(i).
-2
Let t be (46/(-8))/(11/(-44)). Suppose t*z - 45 = 185. Let x(k) = -k + 8. Give x(z).
-2
Let g(r) be the second derivative of r**4/24 + 3*r**3/2 + 56*r**2 + r + 16. Let t(z) be the first derivative of g(z). Let c = 6 + -10. Give t(c).
5
Let l be 2/((-552)/80 - -7). Suppose g - 35 = 5*v - 0*g, l = -5*v - 2*g. Let u(t) = t**3 + 6*t**2 - 3*t - 12. What is u(v)?
6
Let x(p) = -p**2 - 9*p. Let k be x(-5). Let a be k/(-12)*-3 - 1. Let r be (1/(-2))/(a/(-64)). Let n(w) = -w + 1. What is n(r)?
-7
Let d = 64 + -4. Suppose -7*l = d + 38. Let y be 1/((-7)/2) + (-60)/l. Let m(t) = t**2 - 7*t + 5. Calculate m(y).
-7
Let a = -313 + -244. Let l = -557 - a. Let o(y) = -y + 8. Calculate o(l).
8
Let t(i) = -5*i**3 + 3*i**2 + 37*i - 2. Let l(v) = -2*v**3 + 2*v**2 + 2*v - 2. Let m(u) = 2*l(u) - t(u). Determine m(-6).
16
Let l(b) be the third derivative of 1/30*b**5 + 0*b + 1/6*b**3 - b**2 + 0 + 1/6*b**4. Suppose 0 = 2*g - 21*g - 127*g - 584. What is l(g)?
17
Let f(x) = 2*x**3 - 7*x**2 - 24*x - 32. Let q be f(6). Let k(w) be the first derivative of 0*w + 3/2*w**2 + 1/4*w**q + w**3 - 15. Determine k(-2).
-2
Let g = -11 + 9. Suppose 10*t - 7*t + 60 = 5*v, -4*t = -v + 12. Let p(c) = -c**3 - 4*c**2 - 3*c + 4*c + 15*c**2 - v*c**2. Give p(g).
2
Let h(v) = v**2 - 12*v + 15. Let w be -3*(-1)/(-4 - -10) + 69/6. Calculate h(w).
15
Let k be (-1 - -3)*3/(-2). Let p = -3 - k. Let a(z) = 5*z + 49. Let f(m) = -11*m - 107. Let w(c) = -13*a(c) - 6*f(c). Calculate w(p).
5
Let o(a) be the second derivative of -2*a**3 - 1/20*a**5 - 3/4*a**4 - 5/2*a**2 - 54*a + 0. What is o(-8)?
27
Let v(c) = 2*c**2 + 40*c + 35. Let d be v(-19). Let y(j) = -2*j + 3. Let k(t) = 14*t - 10. Let g(w) = k(w) + 3*y(w). What is g(d)?
-25
Let f(y) = 4*y**3 - 3*y**2 - y + 1. Let t(j) = -9*j**3 + 14*j**2 + 8*j - 13. Let p(g) = 2*f(g) + t(g). Determine p(8).
37
Suppose -179 = -4*l - 5*d, 5*l - l = d + 185. Let m = l + -34. Let y(o) = m + o - 12 + 2*o. Calculate y(4).
12
Let m be (7*1/4)/(139/(-556)). Let l(g) = -6*g - 5 + 21*g**2 - 3*g - 22*g**2. What is l(m)?
9
Suppose -4*r - 96 = 5*o, -4*o - 4*r = -9 + 89. Let z be (o/12)/(-4*2/6). Let u(q) = 0 + 20*q + 1 - 2. Determine u(z).
19
Let q(p) = 30*p + 72. Let g be q(-2). Let r(x) = x**3 - 13*x**2 + 13*x - 1. What is r(g)?
11
Suppose 2*f - 3*r = 0, -4 = -4*f + 879*r - 874*r. Let a(t) = -t**2 + 15. Determine a(f).
-21
Let f(k) = -8*k**3 + 5*k**2 + 4*k + 2. Let i be f(-1). Let n(j) = 55*j - i + 61*j - 115*j. What is n(5)?
-6
Let c = -496 - -279. Let y = -105 - c. Suppose y*d - 114*d = 0. Let p(s) = s**3 - s**2 + s - 7. Give p(d).
-7
Let f(x) be the second derivative of -x**6/360 - x**5/60 - x**4/24 + 11*x**3/6 + 3*x**2 + 103*x. Let d(y) be the second derivati